 be 2 + -4 - (-220)/5. Suppose 102 = -39*h + s*h. Is h a composite number?
True
Let x = -8042 + 15086. Suppose 11*y - x = -y. Is y prime?
True
Suppose -3*x = m - 64, -3*m - 19 = -5*x + 83. Suppose x*g = 18*g. Suppose 2*t - 3*f - 122 = g, -2*t - 4*f = t - 217. Is t prime?
True
Suppose 0 = 3*g - 2*g - 4. Suppose q - 292 = 4*h, 0*h = g*h - 20. Let j = 523 - q. Is j composite?
False
Let n be (-2)/14 - (-65)/(-35). Is 3/n - 55780/(-40) composite?
True
Suppose 6394 = 18*d - 43484. Is d a prime number?
False
Suppose 2*k = 4*w - 99346, -10542 = -5*w - 4*k + 113621. Is w a prime number?
False
Suppose l + 40 = 133. Suppose -d - 5*w = -5*d + l, -d - 3*w + 19 = 0. Is d a composite number?
True
Let k be -3 + 0/3 + 18. Let w = k - 11. Is (-3 - -5)*374/w prime?
False
Suppose -2*o = -2*k - 10, -3*k - 3*o - 11 = -5*o. Is (4896 + k)/(-5)*-1 composite?
True
Let h(j) = 379*j - 15. Let r be h(3). Suppose q = -235 + r. Is q a composite number?
False
Is (((-9)/(-12))/1)/((-6)/(-24152)) a prime number?
True
Let h(b) be the third derivative of 23*b**4/24 - 4*b**3/3 + 15*b**2. Is h(9) a prime number?
True
Suppose v - 1 = 3*z, -2*z + 3*v + 7 = -3*z. Let y be 0/2 + 4 + z. Suppose -3*d = y*a - 543, -2*a + 718 = 2*d + 2*d. Is d composite?
True
Let j = 1760 - -4211. Is j composite?
True
Suppose 3*t = 5*t - 5*w - 8634, t = 3*w + 4315. Is t composite?
False
Let h be 3 - (-2 + 1)*2. Suppose 0 = -2*u - h*z - 11, -4*u + 7 = 4*z + 23. Is u/((-3 - -5) + -3) a composite number?
False
Let o(f) = 5*f**3 + 2*f**2 + f - 2. Let p be o(1). Let g(a) be the first derivative of 10*a**2 + 7*a + 1. Is g(p) a composite number?
False
Let w = -7012 - -10167. Is w a prime number?
False
Suppose -27*o + 151645 = -14*o. Is o a prime number?
False
Let g(a) = 29111*a - 10. Is g(1) prime?
True
Suppose 0 = 5*b + 13 - 43. Let o(j) = 2*j - 7. Let n be o(b). Suppose -n*d + 122 + 223 = 0. Is d prime?
False
Let b(s) = 97*s**3 - 2*s**2 + 2*s - 1. Let v be b(1). Let g = v - -63. Is g prime?
False
Let x(n) = -1231*n - 44. Is x(-13) a composite number?
False
Suppose 0 = 103*f - 100*f + g - 9982, -f + 3346 = 5*g. Is f a prime number?
False
Let n(m) = -8*m - 5. Let c(j) be the second derivative of -j**3/6 - j**2/2 + 7*j. Let k(b) = 6*c(b) - n(b). Is k(2) a prime number?
True
Suppose -2*b = 2*o - 52, 8*o - 24 = 6*o + 5*b. Is o a composite number?
True
Suppose -3*x - 2*y + 7 = -3, -2*y - 2 = -3*x. Is -5 + x - 1040/(-3 - 1) prime?
True
Suppose -10*d - 336 = -4*d. Suppose -4*w - 4*j + 336 = 0, -4*j - 465 = -2*w - 3*w. Let v = d + w. Is v a prime number?
False
Suppose 6*p + 12 = 2*p. Is (-1106)/(-7) + p + 2 prime?
True
Suppose -38 = -2*z - 16. Let o = 160 - z. Is o prime?
True
Let u = -294 + 336. Let l be (-186)/(-8) - 2/8. Let q = u - l. Is q a prime number?
True
Let w(y) = 44*y**3 - y**2 + 12*y - 11. Is w(4) a prime number?
True
Let c(d) = -16*d**2 + 2*d + 2. Let v be c(-4). Let a = v + 488. Is a composite?
True
Let f = -11 - -16. Let o be (3 - f)*(-2 - -1). Is 4/(o + (-80)/44) composite?
True
Suppose 55*o = 44*o + 43879. Is o prime?
True
Let p = -33 + 26. Let t = -10 - p. Is (-4 + 3)/(t/1023) a prime number?
False
Let u(r) = r**2 + 8*r - 35. Let h be u(-10). Is (-490)/h*4*12/32 a prime number?
False
Let a be -4*(-108)/32*(-26)/(-3). Let m = a - 38. Is m a prime number?
True
Let a be (-786)/(-6) + (1 - 2). Suppose h - a = 132. Is h prime?
False
Let p be 31290/7 - (2 + 1). Let a = p - 2830. Is a prime?
True
Suppose 0 = 2*t - 1528 - 33834. Is t a composite number?
False
Let z = -16 - -19. Is z/2*(7 + 3) prime?
False
Suppose -761 = -f - 0*f - 2*a, 0 = a. Suppose 3*h - 2572 - f = 0. Is h a composite number?
True
Suppose -12*v + 28363 = -593. Is v prime?
False
Let j = -17 - -20. Suppose -3*z - j*s + 1501 = -521, 2028 = 3*z + 5*s. Suppose 239 - 6 = h + 5*o, -3*h = o - z. Is h composite?
False
Is 10 + (-140)/15 + 13276/3 prime?
False
Let u = -65 - -50. Is (-18429)/u - (-1)/((-15)/(-6)) composite?
False
Let f(b) = b**2 + 5*b - 11. Let t be f(-7). Suppose t*c + 0*c = 417. Is c a prime number?
True
Let d = -3686 - -5227. Is d composite?
True
Suppose 0 = -11*a + 8968 + 4947. Let h = a + 92. Is h a prime number?
False
Let r be -3 - -2 - 12/(-4). Suppose r*w = -3*w + g + 2190, w - 429 = 2*g. Is w a composite number?
False
Let s = -111 + -376. Is (1 + 1)/(-2)*s composite?
False
Let t be 6/8*(11 - 7). Let z be t*(-4)/(-6) + 25. Is 6/z + 601/9 a composite number?
False
Let x(l) = -l**2 + 15*l + 9. Let r be x(16). Let i(c) = -c**3 - 4*c**2 + 6*c - 14. Is i(r) composite?
True
Suppose -4*u - 16 = 0, 2*z - 5274 = 2*u + 2*u. Suppose -z = -4*c - 457. Is c a prime number?
False
Suppose 0 = 5*o - 23 - 2. Let c(z) = 7*z**3 - 13*z**2 + 8*z + 6. Let w(b) = -3*b**3 + 7*b**2 - 4*b - 3. Let m(t) = 2*c(t) + 5*w(t). Is m(o) a prime number?
False
Suppose -1 = -4*u + 11, 3*y = 2*u + 3. Let j(f) = 0*f + 0 - y + 6*f**2 + 8 - f**3 + 2*f. Is j(-4) prime?
True
Suppose -5*u = -5*g + 4240, 3*u + 12 = 7*u. Is g prime?
False
Let j(u) = -u**3 + 78*u**2 - 138*u + 127. Is j(74) a prime number?
False
Let b = 1044 + 2227. Is b composite?
False
Let k = 712 - 147. Is k prime?
False
Let j = -8 - -21. Let i = j + 5. Suppose 23*k = i*k + 175. Is k composite?
True
Let b(m) = -m**2 - 10*m - 20. Let u be b(-7). Is 2/u - (2 - (550 - -1)) composite?
True
Let n(h) = -86*h - 3. Let o be n(-3). Suppose 0*c - o = -5*c. Is c composite?
True
Suppose -2*d - 4 = 0, d = -0*v - 5*v + 180203. Is v a composite number?
True
Let a(o) = -o**2 - 15*o - 11. Let d be 30/3*-1 - 2. Let m be a(d). Suppose 30*b - 2015 = m*b. Is b prime?
False
Suppose 5*o + 31711 = 3*u, 12*o - 31727 = -3*u + 13*o. Is u prime?
False
Let i(u) = 8*u + 13 + 3*u + 10*u. Let v = -30 - -44. Is i(v) prime?
True
Let q(x) = x**3 - 3*x**2 - 5*x + 6. Let c be q(4). Suppose f + 3 + 11 = 4*r, -c*f + 5 = 3*r. Is (752/(r - 7))/(-2) a composite number?
True
Suppose 0 = -t + 4 - 1, 6 = 4*x - 2*t. Suppose -5*y - 137 = 6*f - 3*f, -2*f = x*y + 90. Let i = f + 61. Is i a composite number?
True
Let d = -12546 - -30239. Is d composite?
True
Let t = 4972 - 2719. Is t prime?
False
Is 632/(-20)*57070/(-52) prime?
False
Suppose 2*u - 235 = 73. Suppose 4*a = 3*i - 543, 3*a - u = -3*i + 368. Is i prime?
False
Let n(q) = -q - 7. Let b be n(-9). Suppose 0*v - b*v + 10 = 0. Suppose -2*i + 4*y = -110, v*y = -21 + 6. Is i a prime number?
False
Let u = 127365 + 147736. Is u a prime number?
False
Let c = 1009 + -572. Is c composite?
True
Let g(i) = -i**3 - 5*i**2 - i - 3. Let o be g(-5). Let p(l) = 12*l + 5*l - 5 + 4*l - l**o - 6*l. Is p(12) a prime number?
True
Suppose 4*z - 6 = 6. Suppose 4*r - z*r = 3. Suppose o + 2*i = 3*i + 79, 5*i = r*o - 247. Is o a prime number?
False
Let v = 3 + 0. Let u = 105 + -27. Suppose 3*b = g - 40, u = 2*g - v*b - 11. Is g prime?
False
Suppose 3*r = -0*r + 5*s + 113446, -4*r - 3*s + 151271 = 0. Is r composite?
True
Suppose 7 = -4*d + o, -3*d - 4 = -8*d - 3*o. Is (0 + d/(-2))/((-8)/(-15632)) prime?
True
Let t be (-3)/(-6) - (-3)/2. Suppose 0 = 4*y + x - 19, -5*y - x + 15 = -t*y. Suppose -65 = -a - 5*n + 308, y*n = -4*a + 1492. Is a composite?
False
Let a be 2 - 7 - (0 - 2). Is 0 - ((-6)/(-9)*a + -519) a prime number?
True
Let f = -23 - -23. Let o be f/(-1 + -1) - 0. Suppose o*p + p - 263 = 0. Is p a prime number?
True
Let d(j) = -140*j**2 + 2*j - 4. Let x be d(-3). Let s = 1679 - 2502. Let q = s - x. Is q a prime number?
False
Let b be (-8 - -7)*1*-2. Let a be -5*18*17/b. Is -4 - 1/(3/a) a prime number?
True
Let f(h) = -6*h**3 - 17*h**2 - 17*h - 14. Let n(p) = -2*p**3 - 6*p**2 - 6*p - 5. Let i(t) = -2*f(t) + 7*n(t). Suppose 88 = 2*c + 98. Is i(c) a composite number?
False
Suppose -5*p = -2*c + 264603, -2*c = 2*p - 5*p - 264601. Is c a prime number?
True
Let r = 23 + -21. Let a be (2/(r/(-3)))/(-1). Suppose -6*b - 5*d = -b - 90, -5*d - 62 = -a*b. Is b composite?
False
Let h(m) = 2*m**2 + 18*m + 22. Let u be h(-13). Suppose -4*l + u = -182. Is l a composite number?
True
Let h(j) = -3*j - 24. Let w be h(-7). Is (-46)/(w/((-534)/(-4))) a prime number?
False
Suppose -3*l - l = 5*n - 99603, 2*l + 5*n = 49789. Is l a composite number?
False
Let z(b) = -b**3 + 31*b**2 - b + 22. Suppose 2*a - 2 - 16 = 0. Is z(a) a composite number?
True
Let v(y) = 3051*y + 136. Is v(5) composite?
False
Let u = -1082 - -635. Let q = 844 + 